)/(w/(-12))?
1
Suppose 2*r = -m + 65 + 127, 2*m + 96 = r. Suppose 2*j + 2*j = r. Let i = j - 11. What is the tens digit of i?
1
Let j = 6 + 3. Let z = 18 - j. Suppose 11*h - 22 = z*h. What is the units digit of h?
1
Let q = 2 - 0. Let v be (-112)/12*3/q. What is the tens digit of 1 - (-2 + v + 2)?
1
Suppose 9*g = -g + 8490. What is the tens digit of g?
4
Let n(f) = 4*f**2 + 7*f - 16. Suppose -5*x + 6*m = 2*m + 18, x = 2*m. What is the units digit of n(x)?
6
Suppose 0 = 2*n + 5*u - 56, 3*n = n - 4*u + 54. Suppose 25*g - n*g - 32 = 0. What is the units digit of g?
6
Let l be -12*5/(-10) + -3. Suppose -20 = l*a - 7*a. What is the units digit of a?
5
Let f = 2 - -14. Suppose -3 = -p, -5*b - 4*p + f = 4. Suppose -4*y - 76 - 20 = -5*l, l - y - 20 = b. What is the tens digit of l?
1
Suppose 0*c - 3*r + 251 = 2*c, r + 133 = c. Suppose 5*h - 2*z - z - 273 = 0, 2*h = -4*z + c. What is the tens digit of h?
5
Suppose 465*f - 463*f - 3484 = 0. What is the tens digit of f?
4
What is the hundreds digit of (-2)/9 + (-49488)/(-108)?
4
Let r = -8 - -12. Let p be (-2 + 1)*(3 - r). Suppose -4*c - 2 = 5*s - p, 5*c - 25 = -s. What is the units digit of c?
6
Suppose 5*o + 25 = 5*w, w = 2*w - 2*o - 8. What is the units digit of (136/4 - w) + 4?
6
Let o = -7 + 9. Let q = o + 4. Suppose t + 2*m = q + 28, 3*t - 4*m = 82. What is the tens digit of t?
3
Let o be (-28)/(-21)*(-6)/(-4). Let l(m) = -17 + 7*m + 3*m**2 - 5*m**2 + 10*m**o - m - m**3. What is the units digit of l(7)?
4
Let r = 1006 + -215. What is the tens digit of r?
9
Let v(y) = -y**3 + 4*y**2 + 7*y + 11. Let f be v(6). Let w be 2/10*-4*5. Let x = w - f. What is the units digit of x?
5
Suppose 3*t - 3745 = -4*l, 0*t = -4*t - 5*l + 4992. What is the hundreds digit of t?
2
Suppose -10*v - 7707 = -28327. What is the units digit of v?
2
What is the units digit of 6684/14 + ((-609)/49 - -12)?
7
Let a(f) = 131*f - 139. What is the units digit of a(8)?
9
What is the tens digit of ((-4)/(-58) - (-22)/(-319)) + 2543?
4
Let n = 49 - 46. Suppose 0 = -5*m - 10, n*z - 2*m - 224 = -2*z. What is the tens digit of z?
4
Suppose -279 = -3*j + 2*k + k, -3*j = 4*k - 279. Let o = -38 + j. What is the units digit of o?
5
Suppose -4*r + b = -2*b + 17, 5*r + 22 = 3*b. Let q(k) = k**3 + 10*k**2 + 6*k - 7. What is the units digit of q(r)?
8
Let j = -220 - -404. What is the units digit of j?
4
Suppose 5*x + d + 710 + 1097 = 0, 0 = -4*x - 5*d - 1433. What is the tens digit of x/(-4) + (-3)/6?
9
Let f(a) = -a**3 + 6*a**2 + a - 2. Let q be f(6). Suppose q*u - 3*u = -13. Let b = 9 - u. What is the units digit of b?
2
Suppose -51*m = -49*m - 2728. What is the tens digit of m?
6
Suppose 3*t + z = 2372, 8*t - 5*z = 7*t + 812. What is the hundreds digit of t?
7
Let z(s) = -28*s**3 - 2*s**2 - 2*s - 1. Let m be z(-1). Let d = m - 28. What is the tens digit of (-249)/(-6) + d/2?
4
Let l = 326 - 326. Let n(i) = -3*i**2 + 24 + 2*i**2 - 7 - i**3 - i. What is the tens digit of n(l)?
1
Suppose 4*w = i - 0*i + 123, 0 = 4*i - 5*w + 481. Let j = -79 - i. Let s = j - 25. What is the units digit of s?
5
What is the tens digit of ((-10)/15)/((-2)/2316)?
7
What is the tens digit of ((-299)/(-39) - 8)/((-2)/17148)?
5
Let l = -508 + 753. What is the units digit of l?
5
Let i(d) = -21*d - 61. What is the hundreds digit of i(-24)?
4
What is the units digit of (5 - 2)/(60/5660)?
3
Let b(r) = -r**3 - 2*r**2 - r + 24. Let z be b(-10). Suppose 7*o - z = -36. What is the tens digit of o?
1
Let f = -1630 - -2806. What is the thousands digit of f?
1
Let v = -31 - -35. Suppose 4*x - 3*m = 358, 0 = -v*x + m - 233 + 587. What is the units digit of x?
8
Let d(m) = 60*m + 156. What is the tens digit of d(7)?
7
Suppose 5*u = 9838 + 2607. What is the units digit of u?
9
Let u = -44 - -581. What is the units digit of u?
7
Suppose 2*d + 32 + 136 = 0. Let c = -75 - d. What is the units digit of c?
9
Suppose 11 + 13 = 8*n. Suppose 5*d + 32 - 12 = 0, -2*d = -n*w + 485. What is the units digit of w?
9
Suppose -33*y = -39*y + 1212. What is the hundreds digit of y?
2
Suppose -2*s = -3 - 3. Suppose 325 = s*n + 2*n. What is the units digit of n?
5
Let q(d) = -d**3 + 4*d. Let t be q(-5). Let b = t - 41. What is the tens digit of b?
6
Let b = 254 + -166. Suppose 12*g = -b + 1144. What is the tens digit of g?
8
Suppose 7*b - b = 1344. Suppose 3*f = g - 0*g - 52, 0 = -4*g + 4*f + b. Suppose 2*j + g = 3*h + 174, 2 = -h. What is the tens digit of j?
5
Let t(c) = 6*c + 206. What is the units digit of t(-14)?
2
Let z(x) = -2*x - 11*x**2 - 34*x - 11*x + x**3 + 17*x + 34. What is the units digit of z(14)?
2
Let o(n) = -82*n**2 - 8*n + 12. Let q be o(2). Let z = 565 + q. What is the hundreds digit of z?
2
Suppose -553 - 969 = -2*x + q, 4*q = -16. What is the hundreds digit of x?
7
Let r(o) = -o**3 - o**2 + 5*o - 12. Suppose -5*w - 30 = w. What is the units digit of r(w)?
3
Suppose 4*y - 16476 + 1780 = 4*i, i = 3*y - 11014. What is the hundreds digit of y?
6
Suppose -4*g + 5*y + 692 = 0, 3*y = -g - y + 173. What is the hundreds digit of g?
1
Suppose 8*z + 184 = 10*z. Let h = 171 - z. What is the units digit of h?
9
Suppose -6*j = -2*z - j + 4446, 5*z = 3*j + 11096. What is the tens digit of z?
1
Suppose -112 = -8*l - 72. Suppose 0 = -5*z + 4*q + 27, 4*z - 19 = 5*q + 8. Suppose -p + z*p = -10, -l*p - 24 = f. What is the units digit of f?
1
Suppose 5*m + 71688 = 63*m. What is the hundreds digit of m?
2
Suppose 2*d + 284 = 6*d. Suppose -2*h = -a + 2*a - d, -h = 4*a - 46. What is the units digit of h?
4
What is the tens digit of -5 - -10 - -3*59?
8
Let i = -6 - -8. Suppose 3*u - 4*u = 4*z - 33, 0 = 2*u + i*z - 36. Suppose u = g + 2. What is the units digit of g?
1
Let d(f) = 3*f**2 + 28*f + 6. What is the tens digit of d(-11)?
6
Let g(y) = y**2 + 8*y + 13. Let p be g(-8). Suppose 9 = -2*w + p. What is the units digit of (((-96)/4)/(-2))/w?
6
Let c(v) = 5*v**2 - 1. Let i be c(-1). Suppose -5*a + 79 = -2*f - 157, -a = i*f - 34. What is the tens digit of a?
4
Suppose 813 = 7*c - 699. What is the hundreds digit of c?
2
Let r = -10 + 6. Let y be r/2*(-4)/8. Let c(g) = 10*g**3 + 2*g - 1. What is the units digit of c(y)?
1
Let m be (0 - -3)/(2/(32/3)). Let n(f) = f**3 - 16*f**2 + 11*f + 8. What is the tens digit of n(m)?
8
Let o(y) = 8*y + 28. Let z be o(-7). What is the units digit of (-4)/(-14) + (-608)/z?
2
Let y(u) = 14*u**2 - 9*u - 8. What is the units digit of y(-3)?
5
Let d(v) = 9*v - 5. Let t be d(4). Let b be 2*(-1*2 + 7). Let w = t - b. What is the units digit of w?
1
Suppose 0 = -3*o + g - 86, 4*g + 110 = -3*o - g. Let v = 47 + o. What is the tens digit of v?
1
Suppose 5*b - 2*r = -21, -2*r = -b - 5*r - 11. Let y(f) = 4*f**2 + 3*f - 7. What is the tens digit of y(b)?
7
What is the units digit of (-1358)/485*515/(-2)?
1
Suppose 4*i = -4*t + 8328, 20*t - 22*t - 8316 = -4*i. What is the hundreds digit of i?
0
Let o be 2/6 - (-479)/3. Suppose o = 4*w + 4. What is the units digit of w?
9
Let r be 1/(4 - (-9)/(-2)). Let a(t) = 7*t**2 - t - 2. Let b be a(r). What is the tens digit of 578/14 - 8/b?
4
What is the hundreds digit of (-985270)/(-455) - (-1)/((-7)/3)?
1
Suppose 0 = -5*y + 2*y + 15. Suppose -4*h + 5*r + 48 + 29 = 0, y*h + r = 89. Let c = 0 + h. What is the tens digit of c?
1
Suppose 2*q - 7 = 3. Suppose 0 = 6*n - q*n - 2. Suppose -4*c = 16, 3*v - 24 = -n*c + 13. What is the tens digit of v?
1
What is the tens digit of -1*(1 + 3) + 270?
6
Let u = -11 - -7. Let z be (2/(-3))/(u/(-6)). What is the units digit of z/2*(-3 - 21)?
2
Suppose -5*k + 2 = 2*j + 145, -4*k - 121 = -5*j. Let y = k - -29. Suppose y = 6*m - 296 + 74. What is the units digit of m?
7
Suppose -19*j + 20*j - 5 = 0. Suppose -187 = -4*i - j*r, -i + 14 = -4*r - 17. What is the units digit of i?
3
Let z(t) = -t + 25. Let q be z(16). Suppose -124 = -11*v + q*v. What is the units digit of v?
2
Suppose 13*v - 8*v - 1015 = 0. Suppose 2*z = -z - 9, 2*k = 3*z + v. What is the tens digit of k?
9
Suppose -w + 5*j - 58 = 0, j - 104 = -2*w + 5*w. Let c be 6/w - (-867)/(-11). Let a = -23 - c. What is the units digit of a?
6
Suppose -6*p + 808 = -2*p. Suppose 63 + p = 5*w. What is the units digit of w?
3
Suppose 71*n + 3318 = 77*n. What is the hundreds digit of n?
5
Suppose -4*u - 8 = -212. Suppose -6*l - 9 = -u. What is the units digit of l?